 338 = 0. Is h composite?
True
Suppose 0*i = -3*i + 59205. Is i a prime number?
False
Let x = 14 - 10. Suppose 0 = 2*i + 2*r - 336, x*i - 505 = i - 4*r. Is i prime?
True
Let m(w) be the first derivative of -w**4/4 - 7*w**3/3 + w**2 - 11*w + 20. Is m(-9) composite?
True
Suppose 4*w = 20, -2*m = 2*m - 5*w + 85. Let t = 15 + m. Is -10 + 12 - (-293 + t) a composite number?
True
Suppose 3*z + 2*z = -6610. Let k = z - -2473. Is k prime?
True
Let f = -18582 - -33361. Is f prime?
True
Suppose -3*j = -j. Suppose 26 = 2*q - j*q - 4*v, 0 = 2*q + 3*v + 9. Suppose p - 4*n - 63 = 0, -p - q*n - 58 = -2*p. Is p a composite number?
False
Suppose 3*m + 154 = -146. Let i = m - -845. Is i prime?
False
Let a(y) = -y**3 + 3*y**2 - 2. Let l be a(2). Let o be (-3 + (-3)/3)/l. Is (222/(-9))/(o/15) composite?
True
Let s(b) = -3*b**3 + 2*b**2 + 42*b + 2. Is s(-9) a composite number?
False
Suppose -2*b + 55239 = 5*i, -5*i - 13432 = 4*b - 68675. Is i a composite number?
False
Suppose 4*s - 12 = -4, -3272 = -z + s. Is z a composite number?
True
Let n(l) = l**3 - l**2 + l - 1. Let d(k) = -3992*k**3 + 2*k**2 - 3*k + 2. Let o(u) = -d(u) - n(u). Is o(1) a composite number?
True
Suppose -2*l + 7*l + 10433 = 2*t, 4*t = 4*l + 20896. Suppose x + t = 10*x. Is x prime?
False
Let n = -375 + 392. Let i(a) = -17*a - 1. Let d be i(-3). Let p = d - n. Is p a composite number?
True
Is ((0 - -2)/1)/(24/167172) prime?
True
Let r(x) = -38*x - 29. Let h(i) = -113*i - 87. Let p(z) = 2*h(z) - 7*r(z). Is p(9) a prime number?
True
Let o(u) = 4*u**3 + 3*u - 2. Let b be o(1). Suppose -3*h - 2*m = -1194, -2*h - m = -b*m - 796. Is h composite?
True
Suppose 8*g - 53759 = 101225. Is g composite?
False
Let z = 4897 - 1958. Is z prime?
True
Is ((-13602)/(-9))/((-18)/(-27)) a composite number?
False
Let j = 23201 - 15744. Suppose 5*n - 3*v = 5165 + j, 0 = -3*n + 3*v + 7578. Suppose -u = -5*x - 1345, -5*u + 2*x = -4249 - n. Is u a composite number?
True
Is 18/(-126) - 264832/(-56) prime?
True
Let p be (-1*551)/(0 - 1). Let s = 990 - p. Is (4 + -3)*s/1 a composite number?
False
Let o = -29974 + 55497. Is o a composite number?
False
Let g = 2214 - -508. Suppose -24*x + g = -22*x. Is x a composite number?
False
Let o(y) = 349*y - 47. Is o(6) composite?
True
Let u be (-14)/(-6)*477/3. Suppose -9*i + 11*i + 21 = 5*t, 2*t - 4 = 3*i. Suppose -4*z - 2*g + 1412 = 0, -z + u = -i*g - 2*g. Is z a prime number?
False
Suppose -j + 2*j + 1 = 2*g, 2*g + 6 = 0. Let q(n) = n**3 + 10*n**2 + 7*n + 8. Is q(j) composite?
True
Suppose z - 21 = 13. Let c = z - 31. Suppose -c*f = 2*f - 445. Is f a prime number?
True
Let b(y) = 46*y**2 + 10*y + 29. Is b(9) composite?
True
Let g(l) = 421*l**2 + 75*l - 21. Is g(-8) a composite number?
True
Suppose 0*l = 2*l - 6. Let y be l/1 - 0/(-2). Suppose 0 = 2*i - y*i + 51. Is i a composite number?
True
Suppose -5*q - k = -10845, 2*q - 2*k - 257 - 4093 = 0. Suppose 3250 = 3*g - 2*j - 0*j, 3*j + q = 2*g. Is g a composite number?
True
Suppose -48387 = -3*l + 11*i - 8*i, i - 32252 = -2*l. Is l composite?
False
Suppose -2*g = -2*t + 1 + 1, g = -4*t - 21. Let w be t/14 + (-6392)/(-28). Let h = -154 + w. Is h prime?
False
Let k = -117 + 175. Suppose -2*u + k = -16. Is u a prime number?
True
Let z(r) = -r**3 - 5*r**2 + 2*r + 3. Let k be z(-5). Is (-1340)/k + 12/(-28) composite?
False
Let j(q) = -3*q - 9. Let i be j(-5). Let z be (73 - -5)*(-4)/i. Let l = z + 73. Is l composite?
True
Is (-6)/4 - -1642*8/32 prime?
True
Let y = 33 - 30. Suppose -51 = y*b - 4*q - 2090, -2*q = 2*b - 1336. Is b a composite number?
False
Let x be 15/(-2)*(-16)/20. Let j = -2 + x. Suppose 2*q + q - 2*a - 159 = 0, -2*q + j*a = -106. Is q prime?
True
Let y = -25 - -43. Is (6759/y)/(3/6) a composite number?
False
Let h(l) be the first derivative of -39*l**5/20 + 5*l**4/24 + l**3/3 + 4. Let i(m) be the third derivative of h(m). Is i(-3) a composite number?
True
Is (941409/(-18))/21*(-3 + 1) a composite number?
True
Suppose -8*p = -5*p - 165. Suppose -w = -p - 198. Is w a composite number?
True
Suppose 4*z = -67*g + 65*g + 1398, 0 = -3*g - z + 2102. Is g composite?
False
Suppose -15*h + 4 = -14*h. Suppose 884 = 3*c - k, -h*c + 912 = -5*k - 285. Is c a composite number?
False
Let j(m) = 11*m**2 - 13*m - 159. Is j(-8) composite?
True
Let w be 64476/48*(-3 - 1). Let p = w - -8384. Is p a composite number?
False
Let k(l) = -3 + 177*l + 2 + 7 - 4. Is k(5) a prime number?
True
Suppose 2*s - 203 = -3*d, -s + 108 = 5*d - 11. Suppose -2*b - s = 5*p - 4545, -4*p + 3*b = -3547. Is p composite?
True
Let a(k) be the third derivative of -7*k**4/6 + 17*k**3/6 + 9*k**2. Let v be a(6). Let o = v + 300. Is o a composite number?
False
Suppose 0 = -6*q + q + h + 2323, 0 = 4*q - h - 1859. Suppose -24*p = -16*p - q. Is p composite?
True
Suppose -a - 5*z = -22 + 4, -5*a + 6 = -3*z. Suppose -5*t + 27334 = 4*g + 3425, 0 = -2*t + a*g + 9559. Is t a prime number?
False
Let b(r) be the second derivative of -r**5/20 - 5*r**4/3 - 23*r**3/3 + 14*r**2 + 30*r. Is b(-19) a composite number?
False
Let o(a) = -a**2 - 7*a + 10. Let q be o(-7). Let b(i) be the first derivative of 2*i**2 - 25*i - 10. Is b(q) prime?
False
Suppose -o - 14491 = -3*x, 3*o + 21578 = 4*x + 2250. Is x a prime number?
False
Suppose -738 = -i - 5*f, 0*i - 741 = -i - 2*f. Let z = 40 - 37. Suppose -4*p + i = z*u, -4*p + 4*u + 273 + 463 = 0. Is p a prime number?
False
Let s(b) = b**3 + 4*b**2 + 5*b + 8. Let a be s(-3). Is (-1060)/(-12) - (16/12 - a) a composite number?
False
Suppose 0 = 2*d + 2*d + 12. Let m(q) = 12*q**2 + 15*q + 6. Let o(j) = -4*j**2 - 5*j - 2. Let l(i) = -2*m(i) - 7*o(i). Is l(d) a composite number?
False
Suppose -3479 = -4*h + 3*t + 2931, h + 5*t - 1591 = 0. Is h composite?
False
Let b(q) = -3261*q + 115. Is b(-8) a prime number?
True
Let m(y) = -y + 3. Let r be m(0). Suppose 0 = 5*k + r*u - 555, 2*k + u - 128 = 93. Suppose -5*j = -k - 187. Is j prime?
True
Let x(f) = f**3 + 45*f**2 + 50*f + 7. Is x(-30) composite?
False
Suppose -4*y - 5*c - 31 = -2*y, 0 = -5*y - 2*c - 25. Let k be 156/(-13)*2/y. Suppose -k*b = -6*b - 314. Is b a prime number?
True
Suppose -5*c + u = -2693, 3*u + 1287 - 3968 = -5*c. Is c composite?
True
Let l = 4100 - 2047. Is l composite?
False
Suppose 0*x + x - 109 = 0. Suppose -s + 4*h = -20 - 11, -5*s - 3*h = -x. Is s a composite number?
False
Let z(r) = r**2 + 11*r + 0*r - 12 + 2*r. Let y be z(-13). Is 3*(-16)/y - -253 a composite number?
False
Let y(m) be the third derivative of 0*m**3 - 377/24*m**4 + 0*m + 0 - 3*m**2. Is y(-1) composite?
True
Let l = 2611 - 568. Let q = 3712 - l. Is q prime?
True
Suppose 42 = 3*o + 4*o. Is (-3 - 0)*((-138)/1)/o prime?
False
Let v = -2032 + 3389. Is v composite?
True
Let s(v) = 162*v - 159. Is s(11) composite?
True
Let m = 9677 + 13854. Is m prime?
True
Let o(g) be the second derivative of -g**5/4 - g**4/12 + g**3/6 - 2*g**2 + 10*g. Is o(-3) prime?
False
Let t(r) = r - 4. Let f be t(6). Suppose 2*v = 3*g - 1661, 0*v + 553 = g - v. Suppose g = 5*y - f*y. Is y prime?
False
Suppose -2*m + 8 = -m. Let t(r) = 6*r**2 + 5*r - 4. Let y be t(m). Suppose -3*k + y = -5*l + 34, 4*k = 2*l + 510. Is k a composite number?
False
Suppose -3*p - 23 = 10. Let w(g) = 2*g**2 + 15*g + 27. Let x be w(p). Let q = -49 + x. Is q a composite number?
True
Let k(z) = 1153*z**2 + 5*z + 7. Is k(-5) composite?
False
Let q(a) = -11*a + 18*a**2 - 2*a**2 + 18*a**2 - 1 - 9*a**2. Is q(8) prime?
True
Let f be (4/(-3))/((-1)/9). Let i = f + -10. Suppose -i*l + 1165 = 51. Is l a prime number?
True
Let z = -97 + 101. Suppose 5*a = a - z*d + 4440, 3*a - 3355 = 2*d. Is a composite?
True
Let z(q) = 6*q + 3*q + 2*q**2 + 21 + 2*q**3 - 24 - 13*q**2. Is z(8) composite?
False
Let s be 1/4 - (-27)/36. Let x be (s - 12/8)*-4. Suppose 2*d - 388 = -x*d. Is d a prime number?
True
Is (24177/(-18))/(14/(-84)) prime?
True
Is -2 + 15425 - (2 + 3 - 3) a prime number?
False
Let t(l) = 7193*l**2 + 42*l - 196. Is t(5) prime?
False
Let p = -350 + 441. Is p composite?
True
Suppose -4*q - 192 = 2*i, 2*i + 101 = 3*q - 105. Let a be 2/((-16)/i)*2. Suppose 3*g = -a + 358. Is g composite?
True
Let o = 41 - 42. Is (1/o - -68)/1 a prime number?
True
Let s(d) = 7*d**2 - d + 11. Let f be (-5 + 8 - 6) + -12. Is s(f) a prime number?
True
Let c(w) = 116*w**3 - 9*w**2 + 16*w - 5. Is c(2) compo